s the remainder when n(7) is divided by 11?
9
Let p(w) = 2*w**2 - 6*w + 6. Let s be p(4). Suppose 0*a + 2*a - s = 0. Calculate the remainder when a is divided by 2.
1
Suppose -5*n = -3*u + 176, -42 = -3*n + 4*n - 4*u. Let m = -15 - n. What is the remainder when 36 is divided by m?
17
Suppose 0 = -3*h + 2*w + 876, -2*h + 4*w = -0*h - 584. What is the remainder when h is divided by 49?
47
Suppose -9*p + 246 = 75. Let u be 1*2/(-4)*-6. Suppose -2*g - 9 = u*t - 38, -5*t + 25 = g. Calculate the remainder when p is divided by g.
9
Let v = 115 + -74. What is the remainder when (-2)/4*-2*v is divided by 14?
13
Suppose -10*g + 44 = -6*g. Calculate the remainder when 12 is divided by g.
1
Suppose -s + 5 = -1. Suppose s*f - 47 = 91. Calculate the remainder when f is divided by 8.
7
Suppose -4*y = 3*i - 5 - 100, -3*y = i - 40. What is the remainder when 117 is divided by i?
24
Suppose 3*l - 17 = -5. Let x be 0/(2 - 1) + -14. Let m = 25 + x. What is the remainder when m is divided by l?
3
Let t(u) = -4*u**3 + 2*u**2 + u + 4. Let d be t(-3). Suppose -d = -5*m - 17. Suppose -w + 7 = -1. Calculate the remainder when m is divided by w.
6
Let i = -19 + 28. What is the remainder when 23 is divided by i?
5
Suppose 4*a - 28 - 16 = 0. Let d = a - 5. Suppose 0 = 4*i - 0*i - 4*b - 28, 45 = 3*i + 5*b. What is the remainder when i is divided by d?
4
Let r = -20 + 30. Suppose -3*b = -5*n + 36, -3*n - n + 30 = -3*b. Calculate the remainder when r is divided by n.
4
Suppose -8 - 8 = -4*g. Suppose 0 - 56 = -g*v. What is the remainder when 26 is divided by v?
12
Let b(a) = -4*a + 4. Calculate the remainder when 34 is divided by b(-2).
10
Calculate the remainder when 116 is divided by -1*(0 + -4) - (-35 + 0).
38
Suppose 0 = 4*c + s + 13 + 15, -4*c + 3*s = 28. Let t be c/28 + 98/8. What is the remainder when (3*1)/(t/64) is divided by 6?
4
Let q(t) be the second derivative of -t**4/12 - 7*t**3/6 + 3*t. What is the remainder when 35 is divided by q(-4)?
11
Suppose -15*c = 2*c - 306. Calculate the remainder when 214 is divided by c.
16
Let g = 24 + -18. Calculate the remainder when g is divided by 5 - (2 + (-1)/1).
2
Suppose x - k - 21 = -5*k, 57 = 5*x + 4*k. Let p = 0 + -4. Let a = 9 + p. What is the remainder when x is divided by a?
4
Suppose 0 = -3*v + 9, 3*t + t + 3*v - 25 = 0. Suppose 5*m - 100 = -5*a - 0*m, 2*m = -t*a + 74. Calculate the remainder when 31 is divided by a.
14
Let q = -58 + 83. Let y = 4 + 9. What is the remainder when q is divided by y?
12
Let t(o) = o**3 - 7*o**2 + 3*o - 6. Suppose 0 = -3*c + c + 14. Calculate the remainder when 29 is divided by t(c).
14
Suppose 0 = w - 2*h - 64, 313 = 5*w - 3*h - 0*h. What is the remainder when w is divided by 13?
10
Calculate the remainder when 110 is divided by 15/(30/52) - 3/1.
18
Let z = 61 + -20. Calculate the remainder when z is divided by 22.
19
Let h(y) = 6*y - 54. What is the remainder when h(11) is divided by ((-7)/4)/(1/(-4))?
5
Suppose -5*j - 366 = -4*o, -o - o - 3*j + 172 = 0. Suppose o = 5*y + b, -4*y + 75 = -2*b - b. Calculate the remainder when 34 is divided by y.
16
Suppose -3*g = -47 - 34. What is the remainder when 77 is divided by g?
23
Suppose 5*l - a - 311 = 0, 3*l - 4*l + 4*a + 66 = 0. What is the remainder when l is divided by 32?
30
Let n = -1 - -6. Suppose 10*y - 100 = n*y. What is the remainder when 38 is divided by y?
18
What is the remainder when (-6 + -6)*((-85)/(-4))/(-5) is divided by 4?
3
Let s(n) = -6*n + 5. Let z(o) = -2*o + 2. Let g(j) = -4*s(j) + 11*z(j). Calculate the remainder when g(3) is divided by 3.
2
Suppose 11 = 3*q - 4. Calculate the remainder when q is divided by 2.
1
Suppose -n + 20 - 7 = 5*q, -4*n = -5*q - 77. Calculate the remainder when n is divided by 7.
4
Let d = 71 + -50. Calculate the remainder when d is divided by (-2 - (-72)/42) + 58/7.
5
Suppose i - 152 = -3*i - p, 4*i = -2*p + 152. What is the remainder when i is divided by 10?
8
Let h = 57 - 33. Let j = 215 - 122. What is the remainder when j is divided by h?
21
What is the remainder when (1 - 0)/(3 - (-528)/(-177)) is divided by 30?
29
Let t = -18 - -28. Let i(s) = -s**2 - 3*s + 5. Let p be i(-6). Let l = p - -19. What is the remainder when t is divided by l?
4
Calculate the remainder when 156 is divided by (4 - (-9)/((-9)/(-8))) + 4.
12
Let p be (-1)/(-3) - 3/9. What is the remainder when 6 is divided by 1 + p + -2 + 3?
0
Suppose -14*a = -19*a + 235. Calculate the remainder when a is divided by 12.
11
Let z(s) = -8*s - 22. What is the remainder when z(-6) is divided by 9?
8
Let u = -1 - -14. What is the remainder when 49 is divided by u?
10
Suppose -39 = -2*m + 13. Calculate the remainder when 48 is divided by m.
22
Let f(j) = 2*j - 12. Suppose 5*o - 2*b = 36, -5*o - b + 44 = b. Calculate the remainder when 6 is divided by f(o).
2
Suppose 0 = 4*u + 16, 3*j - j - 2*u = 52. Calculate the remainder when j is divided by 5.
2
Let l(o) = 10*o - 2. Let z(d) = 9*d - 2. Let c(g) = 6*l(g) - 7*z(g). Calculate the remainder when c(-5) is divided by 9.
8
Suppose 3*k = -k + 8. Suppose k*o - 4 = 16. Calculate the remainder when 38 is divided by o.
8
What is the remainder when (0 + -2)*(3 + 134/(-4)) is divided by 16?
13
Suppose 0 = n + 4*y - 9, 0 = -2*n - 2*y + 12. Suppose -26 = -n*z + 14. What is the remainder when 15 is divided by z?
7
Let a(r) = -r + 7. Calculate the remainder when 85 is divided by a(-15).
19
Suppose 4*o - 5*o = -5. Calculate the remainder when (o - 0)*(18 - 9) is divided by 12.
9
Suppose 4*r - 4*x - 2 = 3*r, x = 5. Suppose -5*s + 3*q = -57 + r, 2*q = -10. Calculate the remainder when s is divided by 3.
1
Suppose -y + 5 = 0, -4*f - 2*y - 30 = -6*f. Calculate the remainder when 36 is divided by f.
16
Let x = 41 + -26. Suppose -5*l = -15 - 25. What is the remainder when x is divided by l?
7
Let j(o) = o**3 + 6*o**2 - 4*o + 4. Let d(c) = c**3 + c + 1. Let m(w) = -2*d(w) + j(w). Calculate the remainder when 37 is divided by m(4).
7
Suppose 3 - 41 = -2*s. Let r(g) = g. Let u be r(4). Suppose 4*n + 136 = 4*f, u*f + 0*n = n + 142. What is the remainder when f is divided by s?
17
Let l(z) = -z**3 + 3*z**2 + 7. Let c = -49 - -75. Calculate the remainder when c is divided by l(3).
5
Let j(d) = -d**3 + 5*d**2 + 11*d - 1. Calculate the remainder when j(6) is divided by 5.
4
Suppose -9 - 11 = -5*p. Let k(s) = -3*s - 5. Let r be k(p). Let y = r + 31. Calculate the remainder when 26 is divided by y.
12
Let n(d) = -7*d**3 - 11*d**2 + 3*d + 3. Let a(c) = -8*c**3 - 12*c**2 + 4*c + 4. Let t(r) = -6*a(r) + 7*n(r). What is the remainder when t(-6) is divided by 26?
25
Let n be (0 - 12)/(-1 - 0). Suppose 3*w - n = -0. Calculate the remainder when 7 is divided by w.
3
Suppose 0 = -5*t + 14 + 21. Calculate the remainder when 10 is divided by t.
3
Let b = 46 + -3. Calculate the remainder when 84 is divided by b.
41
Suppose -4*s - 3 = -5*s. What is the remainder when 13/(-5) + 3 + (-126)/(-10) is divided by s?
1
Suppose -18*x - 260 = -5*m - 23*x, 15 = -3*x. Let o = 57 + -27. Calculate the remainder when m is divided by o.
27
Let i = 3 - 5. What is the remainder when (3 + i)/((-1)/(-25)) is divided by -1 + -1 - (-2 + -13)?
12
Let h(g) = 15*g**3 + g**2 - g + 1. What is the remainder when h(1) is divided by 5?
1
Let g be (14 - 4)/(2 - 0). Suppose 20 = 5*b, -g*z - 4*b = -4*z - 35. What is the remainder when 37 is divided by z?
18
Calculate the remainder when 21 is divided by (-6)/9*(3 + -24).
7
Suppose 0 = -2*v + 6, 3*u + 5*v - 63 = 6. Calculate the remainder when u is divided by 5.
3
Let l(g) = -g + 1. Let z = -1 - 5. Calculate the remainder when 20 is divided by l(z).
6
Suppose -f - 17 = -114. What is the remainder when f is divided by 33?
31
Let o = 28 + -12. Suppose 3*n = 206 + 37. Let v = n - 34. Calculate the remainder when v is divided by o.
15
Let s(m) = m - 2. What is the remainder when 36 is divided by s(15)?
10
What is the remainder when 28/42*(-390)/(-4) is divided by 22?
21
Let o = -22 + 9. Let l = 39 + o. Calculate the remainder when l is divided by 14.
12
Let u(q) = -q - 16. Let k be u(-7). What is the remainder when 843/27 - (-2)/k is divided by 11?
9
Suppose 0 = -3*n - 15, 2*a - 2*n + 45 = 3*a. Suppose r - 21 = -s, r + 3*s + 51 = 4*r. What is the remainder when a is divided by r?
17
Let s(h) = -5*h - 3. Calculate